{"id":2782,"date":"2015-03-31T08:09:54","date_gmt":"2015-03-31T08:09:54","guid":{"rendered":"http:\/\/buildme.freevision.me\/?page_id=232"},"modified":"2025-01-21T19:05:24","modified_gmt":"2025-01-21T19:05:24","slug":"nosotros","status":"publish","type":"page","link":"https:\/\/gopestrong.com\/index.php\/nosotros\/","title":{"rendered":"Nosotros"},"content":{"rendered":"<div class=\"wpb-content-wrapper\"><p>[vc_row bg_parallax=\u00bboff\u00bb bg_scroll=\u00bbh,-1&#8243; bg_slider=\u00bboff\u00bb bg_video=\u00bboff\u00bb bottom_button=\u00bboff\u00bb font_color=\u00bb#ffffff\u00bb css=\u00bb.vc_custom_1654288886358{margin-top: 0px !important;margin-bottom: 0px !important;padding-top: 60px !important;padding-bottom: 60px !important;background-image: url(https:\/\/gopestrong.com\/wp-content\/uploads\/2020\/06\/corporate_collage_orange2.jpg?id=3117) !important;}\u00bb][vc_column][vc_custom_heading text=\u00bb\u201cConstruyendo un M\u00e9xico m\u00e1s Fuerte\u201d\u00bb font_container=\u00bbtag:h2|font_size:70|text_align:center|color:%23ffffff|line_height:74px\u00bb google_fonts=\u00bbfont_family:Old%20Standard%20TT%3Aregular%2Citalic%2C700|font_style:400%20regular%3A400%3Anormal\u00bb css=\u00bb.vc_custom_1592416963045{margin-bottom: 0px !important;padding-right: 15% !important;padding-left: 15% !important;}\u00bb][vc_column_text]<\/p>\n<h4 style=\"color: #000000; text-align: center;\">GRUAS GOPE STRONG es una empresa consolidada y comprometida con todos sus clientes desde 1997. Con una visi\u00f3n emprendedora, en crecimiento y constante cambio. Brindando el mejor servicio en gr\u00faas industriales en el norte del pa\u00eds.<\/h4>\n<p>[\/vc_column_text][\/vc_column][\/vc_row][vc_row bg_parallax=\u00bboff\u00bb bg_video=\u00bboff\u00bb bottom_button=\u00bboff\u00bb css=\u00bb.vc_custom_1414616349744{margin-top: 0px !important;margin-bottom: 0px !important;padding-top: 60px !important;padding-bottom: 0px !important;}\u00bb][vc_column width=\u00bb1\/2&#8243;][vc_single_image image=\u00bb2970&#8243; img_size=\u00bbfull\u00bb alignment=\u00bbcenter\u00bb lightbox=\u00bbno\u00bb zoom_on_hover=\u00bbno\u00bb img_animated=\u00bbno\u00bb img_infinite=\u00bbno\u00bb img_animation=\u00bbflash\u00bb][\/vc_column][vc_column width=\u00bb1\/2&#8243;][vc_column_text]<\/p>\n<h1>MISI\u00d3N<\/h1>\n<p>[\/vc_column_text][vc_separator][vc_column_text css=\u00bb.vc_custom_1592418026534{margin-bottom: 0px !important;padding-bottom: 0px !important;}\u00bb]<\/p>\n<h3>Crear una oportuna soluci\u00f3n para las necesidades de nuestros clientes brind\u00e1ndoles la mejor calidad y seguridad en el servicio.<\/h3>\n<p>[\/vc_column_text][\/vc_column][\/vc_row][vc_row bg_parallax=\u00bboff\u00bb bg_slider=\u00bboff\u00bb bg_video=\u00bboff\u00bb bottom_button=\u00bboff\u00bb css=\u00bb.vc_custom_1427812741380{margin-top: 0px !important;margin-bottom: 0px !important;padding-top: 60px !important;padding-bottom: 60px !important;background-color: #edf4f6 !important;}\u00bb][vc_column]<h1 class=\"ozy-divider-cap-left wpb_content_element\">VISI\u00d3N<\/h1><div class=\"ozy-content-divider \" style=\"border-top-style:solid;border-top-width:2px;border-top-color:#ffd200;width:40px;max-width:40px;float:left;\"><\/div>[vc_column_text css=\u00bb.vc_custom_1592418138787{padding-top: 20px !important;}\u00bb]<\/p>\n<h3>Consolidarnos como una empresa l\u00edder en el ramo a trav\u00e9s de la satisfacci\u00f3n de nuestros clientes al ofrecerles la soluci\u00f3n eficaz a sus necesidades.<\/h3>\n<p>[\/vc_column_text][\/vc_column][\/vc_row][vc_row bg_parallax=\u00bboff\u00bb bg_slider=\u00bboff\u00bb bg_video=\u00bboff\u00bb bottom_button=\u00bboff\u00bb css=\u00bb.vc_custom_1427812732814{margin-top: 0px !important;padding-top: 60px !important;}\u00bb][vc_column width=\u00bb1\/2&#8243;][vc_column_text css=\u00bb.vc_custom_1592419337126{margin-top: 0px !important;padding-top: 15px !important;}\u00bb]<\/p>\n<h1>VALORES<\/h1>\n<h3>* Seguridad<br \/>\n* Compromiso<br \/>\n* Competitividad<br \/>\n* \u00c9tica profesional<br \/>\n* Amabilidad<br \/>\n* Confianza<br \/>\n* Atenci\u00f3n<br \/>\n* Apertura al cambio<\/h3>\n<h1><\/h1>\n<p>[\/vc_column_text][\/vc_column][vc_column width=\u00bb1\/2&#8243;][vc_single_image image=\u00bb2975&#8243; img_size=\u00bbfull\u00bb alignment=\u00bbcenter\u00bb style=\u00bbvc_box_rounded\u00bb onclick=\u00bbcustom_link\u00bb css=\u00bb.vc_custom_1592418919866{margin-bottom: 0px !important;padding-bottom: 0px !important;}\u00bb lightbox=\u00bbno\u00bb zoom_on_hover=\u00bbyes\u00bb img_animated=\u00bbno\u00bb img_infinite=\u00bbno\u00bb img_animation=\u00bbflash\u00bb link=\u00bb#\u00bb][\/vc_column][\/vc_row][vc_row][vc_column][vc_separator][\/vc_column][\/vc_row][vc_row bg_parallax=\u00bboff\u00bb bg_slider=\u00bboff\u00bb bg_video=\u00bboff\u00bb bottom_button=\u00bboff\u00bb css=\u00bb.vc_custom_1428072121531{margin-top: 0px !important;margin-bottom: 0px !important;padding-top: 60px !important;padding-bottom: 60px !important;}\u00bb row_id=\u00bbcontact\u00bb][vc_column width=\u00bb1\/2&#8243;][vc_single_image image=\u00bb2889&#8243; img_size=\u00bb558&#215;685&#8243;][\/vc_column][vc_column width=\u00bb1\/2&#8243;][vc_row_inner][vc_column_inner width=\u00bb1\/2&#8243;][vc_column_text css=\u00bb\u00bb]<\/p>\n<h4>NOS UBICAMOS EN:<\/h4>\n<p>Cd. Ju\u00e1rez, Chih,<br \/>\nM\u00e9xico.[\/vc_column_text][\/vc_column_inner][vc_column_inner width=\u00bb1\/2&#8243;][vc_column_text css=\u00bb\u00bb]<\/p>\n<h4>CONTACT INFO<\/h4>\n<div>Of. (656) 170-3936<br \/>\nCel. (656) 1308912<\/div>\n<div>Cel (656) 352-5628<\/div>\n<div><\/div>\n<p class=\"p1\"><a href=\"mailto:gopestrongjuarez@gmail.com\">gopestrongjuarez@gmail.com<\/a><\/p>\n<p>[\/vc_column_text][\/vc_column_inner][\/vc_row_inner][vc_gmaps link=\u00bb#E-8_JTNDaWZyYW1lJTIwc3JjJTNEJTIyaHR0cHMlM0ElMkYlMkZ3d3cuZ29vZ2xlLmNvbSUyRm1hcHMlMkZlbWJlZCUzRnBiJTNEJTIxMW0xOCUyMTFtMTIlMjExbTMlMjExZDYyNy45OTYyNTc1MjM1NDgzJTIxMmQtMTA2LjQyMTk2NDAzNjY0MDc2JTIxM2QzMS42NjE3NzQ4NTI3NTA2MzYlMjEybTMlMjExZjAlMjEyZjAlMjEzZjAlMjEzbTIlMjExaTEwMjQlMjEyaTc2OCUyMTRmMTMuMSUyMTNtMyUyMTFtMiUyMTFzMHg4NmU3NWRlYmM5Y2MyOWNkJTI1M0EweDkxNzZkMjI2MmZiMWI4NGIlMjEyc0MuJTI1MjBDdWFydGElMjUyMDcyMTElMjUyQyUyNTIwMzI2OTAlMjUyMEp1JTI1QzMlMjVBMXJleiUyNTJDJTI1MjBDaGloLiUyNTJDJTI1MjBNJTI1QzMlMjVBOXhpY28lMjE1ZTAlMjEzbTIlMjExc2VzLTQxOSUyMTJzdXMlMjE0djE3Mzc0ODU1MzUwNDklMjE1bTIlMjExc2VzLTQxOSUyMTJzdXMlMjIlMjB3aWR0aCUzRCUyMjYwMCUyMiUyMGhlaWdodCUzRCUyMjQ1MCUyMiUyMHN0eWxlJTNEJTIyYm9yZGVyJTNBMCUzQiUyMiUyMGFsbG93ZnVsbHNjcmVlbiUzRCUyMiUyMiUyMGxvYWRpbmclM0QlMjJsYXp5JTIyJTIwcmVmZXJyZXJwb2xpY3klM0QlMjJuby1yZWZlcnJlci13aGVuLWRvd25ncmFkZSUyMiUzRSUzQyUyRmlmcmFtZSUzRQ==\u00bb size=\u00bb400&#8243; css=\u00bb\u00bb][\/vc_column][\/vc_row][vc_row bg_parallax=\u00bbon\u00bb bg_slider=\u00bboff\u00bb bg_video=\u00bboff\u00bb bottom_button=\u00bboff\u00bb css=\u00bb.vc_custom_1654288933122{margin-top: 0px !important;margin-bottom: 0px !important;padding-top: 60px !important;padding-bottom: 60px !important;background-image: url(https:\/\/gopestrong.com\/wp-content\/uploads\/2020\/06\/bg101.jpg?id=2915) !important;}\u00bb font_color=\u00bb#ffffff\u00bb][vc_column][vc_column_text]<\/p>\n<h4 style=\"text-align: center;\"><a href=\"https:\/\/gopestrong.com\/wp-content\/uploads\/2020\/06\/h-quality2.png\"><img loading=\"lazy\" decoding=\"async\" class=\"alignnone wp-image-2918 size-full\" src=\"https:\/\/gopestrong.com\/wp-content\/uploads\/2020\/06\/h-quality2.png\" alt=\"\" width=\"148\" height=\"150\" \/><\/a><\/h4>\n<div>\n<h4 style=\"text-align: center;\">Hacemos todo tipo maniobras especializadas, y trabajos de montaje industrial o comercial. Ll\u00e1manos<\/h4>\n<\/div>\n<div><\/div>\n<p>[\/vc_column_text][vc_row_inner][vc_column_inner width=\u00bb1\/4&#8243;][\/vc_column_inner][vc_column_inner el_class=\u00bbtextaligncenter\u00bb width=\u00bb1\/4&#8243;][vc_column_text css=\u00bb.vc_custom_1592434278414{margin-bottom: 0px !important;padding-bottom: 0px !important;}\u00bb]<\/p>\n<h2 style=\"text-align: center;\">(656) 1703936<\/h2>\n<p>[\/vc_column_text][vc_button2 title=\u00bbLL\u00c1MANOS AHORA\u00bb color=\u00bborange\u00bb full_width=\u00bbno\u00bb btn_custom_style=\u00bbyes\u00bb link=\u00bburl:tel%3A6561703936|||\u00bb][\/vc_column_inner][vc_column_inner el_class=\u00bbtextaligncenter\u00bb width=\u00bb1\/4&#8243;][vc_column_text css=\u00bb.vc_custom_1737486321083{margin-bottom: 0px !important;padding-bottom: 0px !important;}\u00bb]<\/p>\n<h2 style=\"text-align: center;\">656 352 5628<\/h2>\n<p>[\/vc_column_text][vc_button2 title=\u00bbDESCARGA NUESTRO CAT\u00c1LOGO\u00bb style=\u00bboutlined\u00bb color=\u00bbwhite\u00bb full_width=\u00bbno\u00bb link=\u00bburl:https%3A%2F%2Fgopestrong.com%2Fwp-content%2Fuploads%2F2020%2F06%2Fgruasgopestrong.pdf\u00bb][\/vc_column_inner][vc_column_inner width=\u00bb1\/4&#8243;][\/vc_column_inner][\/vc_row_inner][\/vc_column][\/vc_row]<\/p>\n<\/div>","protected":false},"excerpt":{"rendered":"<p>[vc_row bg_parallax=\u00bboff\u00bb bg_scroll=\u00bbh,-1&#8243; bg_slider=\u00bboff\u00bb bg_video=\u00bboff\u00bb bottom_button=\u00bboff\u00bb font_color=\u00bb#ffffff\u00bb css=\u00bb.vc_custom_1654288886358{margin-top: 0px !important;margin-bottom: 0px !important;padding-top: 60px !important;padding-bottom: 60px !important;background-image: url(https:\/\/gopestrong.com\/wp-content\/uploads\/2020\/06\/corporate_collage_orange2.jpg?id=3117) !important;}\u00bb][vc_column][vc_custom_heading text=\u00bb\u201cConstruyendo un M\u00e9xico m\u00e1s Fuerte\u201d\u00bb font_container=\u00bbtag:h2|font_size:70|text_align:center|color:%23ffffff|line_height:74px\u00bb google_fonts=\u00bbfont_family:Old%20Standard%20TT%3Aregular%2Citalic%2C700|font_style:400%20regular%3A400%3Anormal\u00bb css=\u00bb.vc_custom_1592416963045{margin-bottom: 0px !important;padding-right: 15% !important;padding-left: [&hellip;]<\/p>\n","protected":false},"author":2,"featured_media":0,"parent":0,"menu_order":0,"comment_status":"open","ping_status":"closed","template":"","meta":{"footnotes":""},"class_list":["post-2782","page","type-page","status-publish","hentry"],"_links":{"self":[{"href":"https:\/\/gopestrong.com\/index.php\/wp-json\/wp\/v2\/pages\/2782","targetHints":{"allow":["GET"]}}],"collection":[{"href":"https:\/\/gopestrong.com\/index.php\/wp-json\/wp\/v2\/pages"}],"about":[{"href":"https:\/\/gopestrong.com\/index.php\/wp-json\/wp\/v2\/types\/page"}],"author":[{"embeddable":true,"href":"https:\/\/gopestrong.com\/index.php\/wp-json\/wp\/v2\/users\/2"}],"replies":[{"embeddable":true,"href":"https:\/\/gopestrong.com\/index.php\/wp-json\/wp\/v2\/comments?post=2782"}],"version-history":[{"count":31,"href":"https:\/\/gopestrong.com\/index.php\/wp-json\/wp\/v2\/pages\/2782\/revisions"}],"predecessor-version":[{"id":3275,"href":"https:\/\/gopestrong.com\/index.php\/wp-json\/wp\/v2\/pages\/2782\/revisions\/3275"}],"wp:attachment":[{"href":"https:\/\/gopestrong.com\/index.php\/wp-json\/wp\/v2\/media?parent=2782"}],"curies":[{"name":"wp","href":"https:\/\/api.w.org\/{rel}","templated":true}]}}