{"id":497,"date":"2015-04-01T13:02:04","date_gmt":"2015-04-01T13:02:04","guid":{"rendered":"http:\/\/buildme.freevision.me\/?page_id=497"},"modified":"2022-06-03T20:17:52","modified_gmt":"2022-06-03T20:17:52","slug":"nuestrosservicios","status":"publish","type":"page","link":"https:\/\/gopestrong.com\/index.php\/nuestrosservicios\/","title":{"rendered":"Nuestros Servicios"},"content":{"rendered":"<div class=\"wpb-content-wrapper\"><p>[vc_row][vc_column]<div class=\"ozy-simple-image-grid hover-model-flip_box ozy-masonry-gallery column-3\" ><div class=\"thumb ozy-card effect__hover\">\n\t\t\t\t\t\t\t<div class=\"ozy-card__front\">\n\t\t\t\t\t\t\t\t<a href=\"https:\/\/gopestrong.com\/wp-content\/uploads\/2020\/06\/Picture3.png\" class=\"ozy-card__text fancybox\" rel=\"gallery\" title=\"Picture3\"><img decoding=\"async\" src=\"https:\/\/gopestrong.com\/wp-content\/uploads\/2020\/06\/Picture3.png\" alt=\"\"\/><\/a>\n\t\t\t\t\t\t\t<\/div>\n\t\t\t\t\t\t\t<div class=\"ozy-card__back\">\n\t\t\t\t\t\t\t\t<a href=\"https:\/\/gopestrong.com\/wp-content\/uploads\/2020\/06\/Picture3.png\" class=\"ozy-card__text fancybox\" rel=\"gallery\" title=\"Picture3\"><span>Picture3<\/span><\/a>\n\t\t\t\t\t\t\t<\/div>\n\t\t\t\t\t\t<\/div><div class=\"thumb ozy-card effect__hover\">\n\t\t\t\t\t\t\t<div class=\"ozy-card__front\">\n\t\t\t\t\t\t\t\t<a href=\"https:\/\/gopestrong.com\/wp-content\/uploads\/2020\/06\/TMS-875-jpg-thumb-1.jpg\" class=\"ozy-card__text fancybox\" rel=\"gallery\" title=\"TMS-875 jpg thumb\"><img decoding=\"async\" src=\"https:\/\/gopestrong.com\/wp-content\/uploads\/2020\/06\/TMS-875-jpg-thumb-1.jpg\" alt=\"\"\/><\/a>\n\t\t\t\t\t\t\t<\/div>\n\t\t\t\t\t\t\t<div class=\"ozy-card__back\">\n\t\t\t\t\t\t\t\t<a href=\"https:\/\/gopestrong.com\/wp-content\/uploads\/2020\/06\/TMS-875-jpg-thumb-1.jpg\" class=\"ozy-card__text fancybox\" rel=\"gallery\" title=\"TMS-875 jpg thumb\"><span>TMS-875 jpg thumb<\/span><\/a>\n\t\t\t\t\t\t\t<\/div>\n\t\t\t\t\t\t<\/div><div class=\"thumb ozy-card effect__hover\">\n\t\t\t\t\t\t\t<div class=\"ozy-card__front\">\n\t\t\t\t\t\t\t\t<a href=\"https:\/\/gopestrong.com\/wp-content\/uploads\/2020\/06\/terexrt450.jpg\" class=\"ozy-card__text fancybox\" rel=\"gallery\" title=\"terexrt450\"><img decoding=\"async\" src=\"https:\/\/gopestrong.com\/wp-content\/uploads\/2020\/06\/terexrt450.jpg\" alt=\"\"\/><\/a>\n\t\t\t\t\t\t\t<\/div>\n\t\t\t\t\t\t\t<div class=\"ozy-card__back\">\n\t\t\t\t\t\t\t\t<a href=\"https:\/\/gopestrong.com\/wp-content\/uploads\/2020\/06\/terexrt450.jpg\" class=\"ozy-card__text fancybox\" rel=\"gallery\" title=\"terexrt450\"><span>terexrt450<\/span><\/a>\n\t\t\t\t\t\t\t<\/div>\n\t\t\t\t\t\t<\/div><\/div>[vc_column_text]<\/p>\n<h4 id=\"stcpDiv\">RENTA DE GR\u00daAS INDUSTRIALES Y EJECUCI\u00d3N DE MANIOBRAS ESPECIALIZADAS.<\/h4>\n<p>*Renta de Gr\u00faas Hidr\u00e1ulicas para maniobras especializadas.<br \/>\n*Soluciones especializadas y confiables de manejo y traslado de maquinaria.<br \/>\n*Montaje de estructuras met\u00e1licas y de concreto prefabricado .<br \/>\n*Manejo, administraci\u00f3n y supervisi\u00f3n en el campo de maniobra para el mayor rendimiento de nuestro equipo a su servicio.<\/p>\n<p>[\/vc_column_text][\/vc_column][\/vc_row][vc_row bg_parallax=\u00bboff\u00bb bg_slider=\u00bboff\u00bb bg_video=\u00bboff\u00bb bottom_button=\u00bboff\u00bb css=\u00bb.vc_custom_1427890518953{margin-top: 0px !important;}\u00bb][vc_column width=\u00bb1\/2&#8243;]<a href=\"http:\/\/gruasgopestrong.com\/wp-content\/uploads\/2020\/06\/presentacion_baja.pdf\" target=\"_self\" class=\"ozy-image-with-caption\" id=\"image-with-caption-1392\">\n<figure><span><i class=\"oic-page-export-pdf\"><\/i><\/span><img decoding=\"async\" src=\"https:\/\/gopestrong.com\/wp-content\/uploads\/2020\/06\/1respuestainmediata.jpg\" alt=\"Descarga Nuestro Cat\u00e1logo.\"\/><\/figure><section><h5>Descarga Nuestro Cat\u00e1logo.<\/h5><span class=\"tag\">DESCARGAR<\/span><\/section>\n<\/a>[\/vc_column][vc_column width=\u00bb1\/2&#8243;][vc_column_text]<\/p>\n<h4 id=\"stcpDiv\">El equipo y la maquinaria m\u00e1s moderna<\/h4>\n<p>Contamos con el\u00a0equipo y la maquinaria m\u00e1s moderna\u00a0en el norte de la Rep\u00fablica Mexicana.<br \/>\nNuestras unidades\u00a0 tienen\u00a0Sistema De Anti-bloqueo Computarizado, por lo tanto estamos dentro de todos los est\u00e1ndares de seguridad y calidad solicitados en cualquier proyecto.<br \/>\nTodo nuestra maquinaria esta en optimas condiciones, con los equipos de izaje nuevos con est\u00e1ndares de calidad americanos e internacionales.[\/vc_column_text][vc_column_text]<\/p>\n<h4 id=\"stcpDiv\">Excelente equipo de trabajo<\/h4>\n<p>Contamos con un excelente equipo de trabajo, operadores\u00a0 certificados con amplia experiencia, y\u00a0\u00a0Especialistas En Mec\u00e1nica Hidr\u00e1ulica, lo que nos proporciona la facilidad de dar el mantenimiento oportuno e inmediato a los equipos al servicio de nuestros clientes proporcionando as\u00ed el\u00a0m\u00e1s alto rendimiento.[\/vc_column_text][vc_column_text]<\/p>\n<h4 id=\"m_-6451916587981533184gmail-stcpDiv\">Gr\u00faas\u00a0Tipo Tit\u00e1n, Sobre Cami\u00f3n\u00a0y Todo Terreno.<\/h4>\n<p>Ofrecemos la m\u00e1s amplia flota de\u00a0Gr\u00faas Tipo Tit\u00e1n\u00a0con capacidades desde\u00a0 22 hasta 30 toneladas y alcance de 45 metros de altura. Est\u00e1n equipadas con canastillas que le permiten operar gr\u00faa-canastilla supliendo as\u00ed a cualquier equipo de elevaci\u00f3n (Genie) con el mismo alcance. Adem\u00e1s contamos con\u00a0Gr\u00faas Sobre Cami\u00f3n y\u00a0Todo Terreno,\u00a0equipos modernos en excelentes condiciones desde 50 hasta 200 toneladas.[\/vc_column_text][\/vc_column][\/vc_row][vc_row][vc_column][vc_empty_space height=\u00bb42px\u00bb][\/vc_column][\/vc_row][vc_row bg_parallax=\u00bbon\u00bb bg_slider=\u00bboff\u00bb bg_video=\u00bboff\u00bb bottom_button=\u00bboff\u00bb css=\u00bb.vc_custom_1654287470166{margin-top: 0px !important;margin-bottom: 0px !important;padding-top: 60px !important;padding-bottom: 60px !important;background-image: url(https:\/\/gopestrong.com\/wp-content\/uploads\/2020\/06\/bg101.jpg?id=2915) !important;}\u00bb font_color=\u00bb#ffffff\u00bb][vc_column][vc_column_text]<\/p>\n<h4 style=\"text-align: center;\"><a href=\"https:\/\/gopestrong.com\/wp-content\/uploads\/2020\/06\/h-quality2.png\"><img loading=\"lazy\" decoding=\"async\" class=\"alignnone wp-image-2918 size-full\" src=\"https:\/\/gopestrong.com\/wp-content\/uploads\/2020\/06\/h-quality2.png\" alt=\"\" width=\"148\" height=\"150\" \/><\/a><\/h4>\n<div>\n<h4 style=\"text-align: center;\">Hacemos todo tipo maniobras especializadas, y trabajos de montaje industrial o comercial. Ll\u00e1manos<\/h4>\n<\/div>\n<div><\/div>\n<p>[\/vc_column_text][vc_row_inner][vc_column_inner width=\u00bb1\/4&#8243;][\/vc_column_inner][vc_column_inner el_class=\u00bbtextaligncenter\u00bb width=\u00bb1\/4&#8243;][vc_column_text css=\u00bb.vc_custom_1592434278414{margin-bottom: 0px !important;padding-bottom: 0px !important;}\u00bb]<\/p>\n<h2 style=\"text-align: center;\">(656) 1703936<\/h2>\n<p>[\/vc_column_text][vc_button2 title=\u00bbLL\u00c1MANOS AHORA\u00bb color=\u00bborange\u00bb full_width=\u00bbno\u00bb btn_custom_style=\u00bbyes\u00bb link=\u00bburl:tel%3A6561703936|||\u00bb][\/vc_column_inner][vc_column_inner el_class=\u00bbtextaligncenter\u00bb width=\u00bb1\/4&#8243;][vc_column_text css=\u00bb.vc_custom_1593122446753{margin-bottom: 0px !important;padding-bottom: 0px !important;}\u00bb]<\/p>\n<h2 style=\"text-align: center;\">(633)123 7967<\/h2>\n<p>[\/vc_column_text][vc_button2 title=\u00bbDESCARGA NUESTRO CAT\u00c1LOGO\u00bb style=\u00bboutlined\u00bb color=\u00bbwhite\u00bb full_width=\u00bbno\u00bb link=\u00bburl:https%3A%2F%2Fgopestrong.com%2Fwp-content%2Fuploads%2F2020%2F06%2Fgruasgopestrong.pdf\u00bb][\/vc_column_inner][vc_column_inner width=\u00bb1\/4&#8243;][\/vc_column_inner][\/vc_row_inner][\/vc_column][\/vc_row]<\/p>\n<\/div>","protected":false},"excerpt":{"rendered":"<p>[vc_row][vc_column][vc_column_text] RENTA DE GR\u00daAS INDUSTRIALES Y EJECUCI\u00d3N DE MANIOBRAS ESPECIALIZADAS. *Renta de Gr\u00faas Hidr\u00e1ulicas para maniobras especializadas. *Soluciones especializadas y confiables de manejo y traslado de maquinaria. *Montaje de estructuras [&hellip;]<\/p>\n","protected":false},"author":2,"featured_media":0,"parent":0,"menu_order":0,"comment_status":"open","ping_status":"open","template":"","meta":{"footnotes":""},"class_list":["post-497","page","type-page","status-publish","hentry"],"_links":{"self":[{"href":"https:\/\/gopestrong.com\/index.php\/wp-json\/wp\/v2\/pages\/497","targetHints":{"allow":["GET"]}}],"collection":[{"href":"https:\/\/gopestrong.com\/index.php\/wp-json\/wp\/v2\/pages"}],"about":[{"href":"https:\/\/gopestrong.com\/index.php\/wp-json\/wp\/v2\/types\/page"}],"author":[{"embeddable":true,"href":"https:\/\/gopestrong.com\/index.php\/wp-json\/wp\/v2\/users\/2"}],"replies":[{"embeddable":true,"href":"https:\/\/gopestrong.com\/index.php\/wp-json\/wp\/v2\/comments?post=497"}],"version-history":[{"count":24,"href":"https:\/\/gopestrong.com\/index.php\/wp-json\/wp\/v2\/pages\/497\/revisions"}],"predecessor-version":[{"id":3255,"href":"https:\/\/gopestrong.com\/index.php\/wp-json\/wp\/v2\/pages\/497\/revisions\/3255"}],"wp:attachment":[{"href":"https:\/\/gopestrong.com\/index.php\/wp-json\/wp\/v2\/media?parent=497"}],"curies":[{"name":"wp","href":"https:\/\/api.w.org\/{rel}","templated":true}]}}